{"id":4851,"date":"2024-01-22T17:28:20","date_gmt":"2024-01-22T16:28:20","guid":{"rendered":"http:\/\/genekam.mosquitobornediseases.com\/?page_id=4851"},"modified":"2024-12-19T15:21:57","modified_gmt":"2024-12-19T14:21:57","slug":"de-molekulare-tumor-marker","status":"publish","type":"page","link":"https:\/\/genekam.de\/index.php\/de-molekulare-tumor-marker\/","title":{"rendered":"Molekulare Tumor-Marker"},"content":{"rendered":"\t\t<div data-elementor-type=\"wp-page\" data-elementor-id=\"4851\" class=\"elementor elementor-4851\">\n\t\t\t\t\t\t\t<div class=\"elementor-element elementor-element-ec4b435 e-flex e-con-boxed e-con e-parent\" data-id=\"ec4b435\" data-element_type=\"container\" data-settings=\"{&quot;content_width&quot;:&quot;boxed&quot;}\" data-core-v316-plus=\"true\">\n\t\t\t\t\t<div class=\"e-con-inner\">\n\t\t\t\t<div class=\"elementor-element elementor-element-9cd05ad elementor-widget elementor-widget-text-editor\" data-id=\"9cd05ad\" data-element_type=\"widget\" data-widget_type=\"text-editor.default\">\n\t\t\t\t<div class=\"elementor-widget-container\">\n\t\t\t<style>\/*! elementor - v3.16.0 - 20-09-2023 *\/\n.elementor-widget-text-editor.elementor-drop-cap-view-stacked .elementor-drop-cap{background-color:#69727d;color:#fff}.elementor-widget-text-editor.elementor-drop-cap-view-framed .elementor-drop-cap{color:#69727d;border:3px solid;background-color:transparent}.elementor-widget-text-editor:not(.elementor-drop-cap-view-default) .elementor-drop-cap{margin-top:8px}.elementor-widget-text-editor:not(.elementor-drop-cap-view-default) .elementor-drop-cap-letter{width:1em;height:1em}.elementor-widget-text-editor .elementor-drop-cap{float:left;text-align:center;line-height:1;font-size:50px}.elementor-widget-text-editor .elementor-drop-cap-letter{display:inline-block}<\/style>\t\t\t\t<h1>Molekulare Tumor-Marker<\/h1><h2>DNA Tests f\u00fcr Melanoma (schwarzer Hautkrebs)<\/h2><p>Neue M\u00f6glichkeiten, versteckte Tumore im Fr\u00fchstadium zu erkennen.<\/p><p>Einfach per Blutprobe, PCR, sehr genau, zuverl\u00e4ssig<\/p><p>Hautkrebserkrankungen sind auf dem Vormarsch. Es gibt verschiedene Gr\u00fcnde: Klima\u00e4nderung, UV-Strahlung. Bei manchen Menschen kommen die Melanome nur auf der Haut vor und sie lassen sich durch verschiedene Methoden entfernen. Gefahr entsteht, wenn die Zellen der Melanome in die Blutbahn gelangen und Metastasen verursachen. Hier liegt das Problem: es fehlen die Methoden, mit denen man solche Zellen (so genannte Circulating Tumour cells; CTC) in der Blutbahn sehr genau erkennen kann. Die Wissenschaft arbeitet seit Jahren an neuen Methoden, um solche Zellen im Fr\u00fchstadium zu erkennen und weitere Ma\u00dfnahmen einleiten zu k\u00f6nnen.<\/p><p>Die Genekam Biotechnology AG hat eine Methode f\u00fcr den Nachweis solcher Tumorzellen (CTC) im Blut entwickelt, weil Blutproben, gegen\u00fcber anderen Methoden wie Lymphknoten -Biopsien, einfach zu nehmen sind. Hier handelt sich um eine neuartige Methode, deshalb sind die Ergebnisse immer im Zusammenhang mit anderen Ergebnissen aus dem Befund zu ber\u00fccksichtigen.<\/p><p>Durch einen DNA-Test ist es heute m\u00f6glich, Tumore im Fr\u00fchstadium zu erkennen, da die Tumorzellen sehr fr\u00fch in die Blutbahn gelangen. Diese Tumorzellen kann der DNA Test nachweisen. Aber auch Personen, die noch vor einigen Jahren durch eine Therapie genesen sind, k\u00f6nnen von der Wiederkehr des Tumors \u00fcberrascht werden (Tumor-relapse oder Tumor-rezidiv). Daher ist es ratsam, dass sich diese Personen in Risikogruppen, die bereits eine Therapie erfolgreich absolviert haben, j\u00e4hrlich ein- bis zweimal durch Abgabe einer Blutprobe per DNA Test untersuchen lassen, um sicher zu gehen. Man kann diese DNA Tests als Erg\u00e4nzung zu anderen Untersuchungsmethoden von Tumoren einsetzen.<\/p><p>Bei der Untersuchung werden verschiedene Marker der Tumorzellen untersucht. Tyrosinase ist ein wichtiger Marker, der in Blutproben von erkrankten Personen vorkommt. Weitere Marker sind MART, MAGE etc, die auch vorkommen k\u00f6nnen, damit man die Genauigkeit des Test noch verbessern kann. Diese werden zurzeit von uns entwickelt.<\/p><p>Blutprobe: 3ml in EDTA (Heparin-Tubes vermeiden, weil sie diese Untersuchungen st\u00f6ren k\u00f6nnen)<\/p>\t\t\t\t\t\t<\/div>\n\t\t\t\t<\/div>\n\t\t\t\t\t<\/div>\n\t\t\t\t<\/div>\n\t\t<div class=\"elementor-element elementor-element-b54e299 e-flex e-con-boxed e-con e-parent\" data-id=\"b54e299\" data-element_type=\"container\" data-settings=\"{&quot;content_width&quot;:&quot;boxed&quot;}\" data-core-v316-plus=\"true\">\n\t\t\t\t\t<div class=\"e-con-inner\">\n\t\t\t\t<div class=\"elementor-element elementor-element-1a8aa50 elementor-widget elementor-widget-eael-advanced-data-table\" data-id=\"1a8aa50\" data-element_type=\"widget\" data-widget_type=\"eael-advanced-data-table.default\">\n\t\t\t\t<div class=\"elementor-widget-container\">\n\t\t\t<div class=\"ea-advanced-data-table-wrap\" data-id=\"1a8aa50\"><div class=\"ea-advanced-data-table-wrap-inner\">\n                <table class=\"ea-advanced-data-table ea-advanced-data-table-static ea-advanced-data-table-1a8aa50 ea-advanced-data-table-sortable ea-advanced-data-table-paginated\" data-id=\"1a8aa50\" data-items-per-page=\"300\"><thead><tr><th><p>Name<\/p><\/th><th><p>Preis<\/p><\/th><\/tr><\/thead><tbody><tr><td><p><span>Melanoma Marker Tyrosinase<\/span><\/p><\/td><td><p>60\u20ac<\/p><\/td><\/tr><tr><td><p>Melanoma Markers Tyrosinase + MART (ab 1.11.2016; bitte anfragen)<\/p><\/td><td><p><span>90\u20ac<\/span><\/p><\/td><\/tr><\/tbody><\/table>\n            <\/div><div class=\"ea-advanced-data-table-pagination ea-advanced-data-table-pagination-button clearfix\"><\/div><\/div>\t\t<\/div>\n\t\t\t\t<\/div>\n\t\t\t\t\t<\/div>\n\t\t\t\t<\/div>\n\t\t\t\t\t\t\t<\/div>\n\t\t","protected":false},"excerpt":{"rendered":"Molekulare Tumor-Marker DNA Tests f\u00fcr Melanoma (schwarzer Hautkrebs) Neue M\u00f6glichkeiten, versteckte Tumore im Fr\u00fchstadium zu erkennen. Einfach per Blutprobe, PCR, sehr genau, zuverl\u00e4ssig Hautkrebserkrankungen sind auf dem Vormarsch. Es gibt verschiedene Gr\u00fcnde: Klima\u00e4nderung, UV-Strahlung. Bei manchen Menschen kommen die Melanome nur auf der Haut vor und sie lassen sich durch verschiedene Methoden entfernen. Gefahr entsteht, ","protected":false},"author":1,"featured_media":0,"parent":0,"menu_order":0,"comment_status":"closed","ping_status":"closed","template":"","meta":{"inline_featured_image":false,"footnotes":""},"class_list":["post-4851","page","type-page","status-publish","hentry"],"yoast_head":"<!-- This site is optimized with the Yoast SEO plugin v22.2 - https:\/\/yoast.com\/wordpress\/plugins\/seo\/ -->\n<title>Molekulare Tumor-Marker - Genekam Biotechnology AG<\/title>\n<meta name=\"robots\" content=\"index, follow, max-snippet:-1, max-image-preview:large, max-video-preview:-1\" \/>\n<link rel=\"canonical\" href=\"https:\/\/genekam.de\/index.php\/de-molekulare-tumor-marker\/\" \/>\n<meta property=\"og:locale\" content=\"de_DE\" \/>\n<meta property=\"og:type\" content=\"article\" \/>\n<meta property=\"og:title\" content=\"Molekulare Tumor-Marker - Genekam Biotechnology AG\" \/>\n<meta property=\"og:description\" content=\"Molekulare Tumor-Marker DNA Tests f\u00fcr Melanoma (schwarzer Hautkrebs) Neue M\u00f6glichkeiten, versteckte Tumore im Fr\u00fchstadium zu erkennen. Einfach per Blutprobe, PCR, sehr genau, zuverl\u00e4ssig Hautkrebserkrankungen sind auf dem Vormarsch. Es gibt verschiedene Gr\u00fcnde: Klima\u00e4nderung, UV-Strahlung. Bei manchen Menschen kommen die Melanome nur auf der Haut vor und sie lassen sich durch verschiedene Methoden entfernen. Gefahr entsteht,\" \/>\n<meta property=\"og:url\" content=\"https:\/\/genekam.de\/index.php\/de-molekulare-tumor-marker\/\" \/>\n<meta property=\"og:site_name\" content=\"Genekam Biotechnology AG\" \/>\n<meta property=\"article:modified_time\" content=\"2024-12-19T14:21:57+00:00\" \/>\n<meta name=\"twitter:card\" content=\"summary_large_image\" \/>\n<meta name=\"twitter:label1\" content=\"Gesch\u00e4tzte Lesezeit\" \/>\n\t<meta name=\"twitter:data1\" content=\"2\u00a0Minuten\" \/>\n<script type=\"application\/ld+json\" class=\"yoast-schema-graph\">{\"@context\":\"https:\/\/schema.org\",\"@graph\":[{\"@type\":\"WebPage\",\"@id\":\"https:\/\/genekam.de\/index.php\/de-molekulare-tumor-marker\/\",\"url\":\"https:\/\/genekam.de\/index.php\/de-molekulare-tumor-marker\/\",\"name\":\"Molekulare Tumor-Marker - Genekam Biotechnology AG\",\"isPartOf\":{\"@id\":\"https:\/\/genekam.de\/#website\"},\"datePublished\":\"2024-01-22T16:28:20+00:00\",\"dateModified\":\"2024-12-19T14:21:57+00:00\",\"breadcrumb\":{\"@id\":\"https:\/\/genekam.de\/index.php\/de-molekulare-tumor-marker\/#breadcrumb\"},\"inLanguage\":\"de\",\"potentialAction\":[{\"@type\":\"ReadAction\",\"target\":[\"https:\/\/genekam.de\/index.php\/de-molekulare-tumor-marker\/\"]}]},{\"@type\":\"BreadcrumbList\",\"@id\":\"https:\/\/genekam.de\/index.php\/de-molekulare-tumor-marker\/#breadcrumb\",\"itemListElement\":[{\"@type\":\"ListItem\",\"position\":1,\"name\":\"Startseite\",\"item\":\"https:\/\/genekam.de\/\"},{\"@type\":\"ListItem\",\"position\":2,\"name\":\"Molekulare Tumor-Marker\"}]},{\"@type\":\"WebSite\",\"@id\":\"https:\/\/genekam.de\/#website\",\"url\":\"https:\/\/genekam.de\/\",\"name\":\"Genekam Biotechnology AG\",\"description\":\"\",\"potentialAction\":[{\"@type\":\"SearchAction\",\"target\":{\"@type\":\"EntryPoint\",\"urlTemplate\":\"https:\/\/genekam.de\/?s={search_term_string}\"},\"query-input\":\"required name=search_term_string\"}],\"inLanguage\":\"de\"}]}<\/script>\n<!-- \/ Yoast SEO plugin. -->","yoast_head_json":{"title":"Molekulare Tumor-Marker - Genekam Biotechnology AG","robots":{"index":"index","follow":"follow","max-snippet":"max-snippet:-1","max-image-preview":"max-image-preview:large","max-video-preview":"max-video-preview:-1"},"canonical":"https:\/\/genekam.de\/index.php\/de-molekulare-tumor-marker\/","og_locale":"de_DE","og_type":"article","og_title":"Molekulare Tumor-Marker - Genekam Biotechnology AG","og_description":"Molekulare Tumor-Marker DNA Tests f\u00fcr Melanoma (schwarzer Hautkrebs) Neue M\u00f6glichkeiten, versteckte Tumore im Fr\u00fchstadium zu erkennen. Einfach per Blutprobe, PCR, sehr genau, zuverl\u00e4ssig Hautkrebserkrankungen sind auf dem Vormarsch. Es gibt verschiedene Gr\u00fcnde: Klima\u00e4nderung, UV-Strahlung. Bei manchen Menschen kommen die Melanome nur auf der Haut vor und sie lassen sich durch verschiedene Methoden entfernen. Gefahr entsteht,","og_url":"https:\/\/genekam.de\/index.php\/de-molekulare-tumor-marker\/","og_site_name":"Genekam Biotechnology AG","article_modified_time":"2024-12-19T14:21:57+00:00","twitter_card":"summary_large_image","twitter_misc":{"Gesch\u00e4tzte Lesezeit":"2\u00a0Minuten"},"schema":{"@context":"https:\/\/schema.org","@graph":[{"@type":"WebPage","@id":"https:\/\/genekam.de\/index.php\/de-molekulare-tumor-marker\/","url":"https:\/\/genekam.de\/index.php\/de-molekulare-tumor-marker\/","name":"Molekulare Tumor-Marker - Genekam Biotechnology AG","isPartOf":{"@id":"https:\/\/genekam.de\/#website"},"datePublished":"2024-01-22T16:28:20+00:00","dateModified":"2024-12-19T14:21:57+00:00","breadcrumb":{"@id":"https:\/\/genekam.de\/index.php\/de-molekulare-tumor-marker\/#breadcrumb"},"inLanguage":"de","potentialAction":[{"@type":"ReadAction","target":["https:\/\/genekam.de\/index.php\/de-molekulare-tumor-marker\/"]}]},{"@type":"BreadcrumbList","@id":"https:\/\/genekam.de\/index.php\/de-molekulare-tumor-marker\/#breadcrumb","itemListElement":[{"@type":"ListItem","position":1,"name":"Startseite","item":"https:\/\/genekam.de\/"},{"@type":"ListItem","position":2,"name":"Molekulare Tumor-Marker"}]},{"@type":"WebSite","@id":"https:\/\/genekam.de\/#website","url":"https:\/\/genekam.de\/","name":"Genekam Biotechnology AG","description":"","potentialAction":[{"@type":"SearchAction","target":{"@type":"EntryPoint","urlTemplate":"https:\/\/genekam.de\/?s={search_term_string}"},"query-input":"required name=search_term_string"}],"inLanguage":"de"}]}},"_links":{"self":[{"href":"https:\/\/genekam.de\/index.php\/wp-json\/wp\/v2\/pages\/4851","targetHints":{"allow":["GET"]}}],"collection":[{"href":"https:\/\/genekam.de\/index.php\/wp-json\/wp\/v2\/pages"}],"about":[{"href":"https:\/\/genekam.de\/index.php\/wp-json\/wp\/v2\/types\/page"}],"author":[{"embeddable":true,"href":"https:\/\/genekam.de\/index.php\/wp-json\/wp\/v2\/users\/1"}],"replies":[{"embeddable":true,"href":"https:\/\/genekam.de\/index.php\/wp-json\/wp\/v2\/comments?post=4851"}],"version-history":[{"count":8,"href":"https:\/\/genekam.de\/index.php\/wp-json\/wp\/v2\/pages\/4851\/revisions"}],"predecessor-version":[{"id":9021,"href":"https:\/\/genekam.de\/index.php\/wp-json\/wp\/v2\/pages\/4851\/revisions\/9021"}],"wp:attachment":[{"href":"https:\/\/genekam.de\/index.php\/wp-json\/wp\/v2\/media?parent=4851"}],"curies":[{"name":"wp","href":"https:\/\/api.w.org\/{rel}","templated":true}]}}