{"id":4916,"date":"2024-01-23T12:27:50","date_gmt":"2024-01-23T11:27:50","guid":{"rendered":"http:\/\/genekam.mosquitobornediseases.com\/?page_id=4916"},"modified":"2024-12-19T15:22:07","modified_gmt":"2024-12-19T14:22:07","slug":"de-zeckenbiss-test-borreliose","status":"publish","type":"page","link":"https:\/\/genekam.de\/index.php\/de-zeckenbiss-test-borreliose\/","title":{"rendered":"zeckenbiss-test-borreliose"},"content":{"rendered":"\t\t<div data-elementor-type=\"wp-page\" data-elementor-id=\"4916\" class=\"elementor elementor-4916\">\n\t\t\t\t\t\t\t<div class=\"elementor-element elementor-element-0e61a10 e-flex e-con-boxed e-con e-parent\" data-id=\"0e61a10\" data-element_type=\"container\" data-settings=\"{&quot;content_width&quot;:&quot;boxed&quot;}\" data-core-v316-plus=\"true\">\n\t\t\t\t\t<div class=\"e-con-inner\">\n\t\t\t\t<div class=\"elementor-element elementor-element-c5081eb elementor-widget elementor-widget-text-editor\" data-id=\"c5081eb\" data-element_type=\"widget\" data-widget_type=\"text-editor.default\">\n\t\t\t\t<div class=\"elementor-widget-container\">\n\t\t\t<style>\/*! elementor - v3.16.0 - 20-09-2023 *\/\n.elementor-widget-text-editor.elementor-drop-cap-view-stacked .elementor-drop-cap{background-color:#69727d;color:#fff}.elementor-widget-text-editor.elementor-drop-cap-view-framed .elementor-drop-cap{color:#69727d;border:3px solid;background-color:transparent}.elementor-widget-text-editor:not(.elementor-drop-cap-view-default) .elementor-drop-cap{margin-top:8px}.elementor-widget-text-editor:not(.elementor-drop-cap-view-default) .elementor-drop-cap-letter{width:1em;height:1em}.elementor-widget-text-editor .elementor-drop-cap{float:left;text-align:center;line-height:1;font-size:50px}.elementor-widget-text-editor .elementor-drop-cap-letter{display:inline-block}<\/style>\t\t\t\t<h1>DNA-Test bei Zeckenbissen !<\/h1><h2>DNA-Test erkennt gef\u00e4hrliche Erreger in Zecken schon im Fr\u00fchstadium. Schnell, schmerzfrei und unkompliziert! Nicht nur Borrelia burgdorferi &#8211; auch andere Erreger k\u00f6nnen durch Zeckenbisse \u00fcbertragen werden.<\/h2><p>Egal ob Mensch, Hund, Katze, Pferd oder Rind: Zecken machen vor keinem Lebewesen halt! Sie bei\u00dfen sich an ihrem Opfer fest und\u00a0<b>saugen ihr Blut<\/b>. Dabei k\u00f6nnen Erreger \u00fcbertragen werden, die dann schwere\u00a0<b>Krankheiten<\/b>\u00a0zur Folge haben k\u00f6nnen. Es ist wichtig, einen Biss so fr\u00fch wie m\u00f6glich zu erkennen, um\u00a0<b>Ma\u00dfnahmen<\/b>\u00a0ergreifen zu k\u00f6nnen.<\/p><p>Wer von einer Zecke gebissen worden ist, sollte diese verwahren und zur Untersuchung in einem R\u00f6hrchen oder einer Dose an unser Labor schicken. Auch Zecken, die in Ihrer Umgebung (Garten usw.) vorhanden sind, k\u00f6nnen auf Krankheiten untersucht werden. Somit k\u00f6nnen Vorbeugungsma\u00dfnahmen und Impfungen rechtzeitig vorgenommen werden. Dies gilt insbesondere f\u00fcr \u00e4ltere Menschen und Kinder, die \u00fcber ein schw\u00e4cheres Immunsystem verf\u00fcgen. Nach Ausbruch der Krankheit ist eine Therapie sehr schwierig. Auch Infektionen durch Zeckenbisse, die bereits Jahre vorher stattgefunden haben und zu chronischen Symptomen f\u00fchrten, lassen sich mittels DNA-Tests untersuchen, obwohl sie per Rapidtest oder serologischem Test mit ELISA negativ waren. Diese Tests sind n\u00e4mlich im Vergleich zu DNA-Tests nicht in der Lage, Krankheiten im Fr\u00fchstadium nachzuweisen. Au\u00dfer Borrelia gibt es eine Reihe von weiteren Erregern in Zecken, die sich mittels DNA nachweisen lassen. Wissenschaftler sprechen bereits von einem ganzen Krankheit-\u00bbKomplex\u00ab. D.h.: Bei Borreliose k\u00f6nnen auch andere Erreger (Anaplasma) vorhanden sein.<\/p><p>Viele Erreger werden durch Zeckenstiche \u00fcbertragen. \u00dcber 90 Prozent infizieren sich bei Freizeitaktivit\u00e4ten. Bei etwa zehn Prozent der infizierten Personen bef\u00e4llt das Virus auch das Nervensystem. Etwa zehn Prozent dieser Patienten leiden an Sp\u00e4tfolgen. Konzentrationsst\u00f6rungen, Kopfschmerzen und Psychosen stehen im Vordergrund. Etwa ein Prozent der Krankheitsf\u00e4lle, bei denen das Nervensystem befallen ist, f\u00fchrt zum Tod. Zecken sind Parasiten, die sich vom Blut eines Wirtes ern\u00e4hren. Sie halten sich in Gestr\u00fcpp von etwa anderthalb Metern auf. Die Krankheit betrifft nicht nur Waldarbeiter, F\u00f6rster und Landwirte. Zecken werden erst an warmen Fr\u00fchlings- und Sommertagen bei Temperaturen ab 10 Grad aktiv, in unseren Breitengraden also zwischen M\u00e4rz und November. Sind Sie von einer Zecke gebissen worden oder besteht der Verdacht, schicken Sie uns die tote oder lebende Zecke in einer Filmdose oder eine Blutprobe (in EDTA).<\/p>\t\t\t\t\t\t<\/div>\n\t\t\t\t<\/div>\n\t\t\t\t<div class=\"elementor-element elementor-element-0780348 elementor-widget elementor-widget-text-editor\" data-id=\"0780348\" data-element_type=\"widget\" data-widget_type=\"text-editor.default\">\n\t\t\t\t<div class=\"elementor-widget-container\">\n\t\t\t\t\t\t\t<h3>TESTS IM ANGEBOT: Preis pro Test ab 29,- Euro<\/h3>\t\t\t\t\t\t<\/div>\n\t\t\t\t<\/div>\n\t\t\t\t\t<\/div>\n\t\t\t\t<\/div>\n\t\t<div class=\"elementor-element elementor-element-f5bca0b e-flex e-con-boxed e-con e-parent\" data-id=\"f5bca0b\" data-element_type=\"container\" data-settings=\"{&quot;content_width&quot;:&quot;boxed&quot;}\" data-core-v316-plus=\"true\">\n\t\t\t\t\t<div class=\"e-con-inner\">\n\t\t\t\t<div class=\"elementor-element elementor-element-1f32756 elementor-widget elementor-widget-eael-advanced-data-table\" data-id=\"1f32756\" data-element_type=\"widget\" data-widget_type=\"eael-advanced-data-table.default\">\n\t\t\t\t<div class=\"elementor-widget-container\">\n\t\t\t<div class=\"ea-advanced-data-table-wrap\" data-id=\"1f32756\"><div class=\"ea-advanced-data-table-wrap-inner\">\n                <table class=\"ea-advanced-data-table ea-advanced-data-table-static ea-advanced-data-table-1f32756 ea-advanced-data-table-sortable ea-advanced-data-table-paginated\" data-id=\"1f32756\" data-items-per-page=\"300\"><thead><tr><th><p>Name<\/p><\/th><th><p>DOC<\/p><\/th><th><p>Preis<\/p><\/th><\/tr><\/thead><tbody><tr><td><p>Borrelia burgdorferi verursacht Zeckenborreliose [Lyme-Krankheit]<\/p><\/td><td><\/td><td><p>29\u20ac<\/p><\/td><\/tr><tr><td><p>Anaplasma phagozytophila [humane granulozyt\u00e4re Anaplasmose]<\/p><\/td><td><\/td><td><p>29\u20ac<\/p><\/td><\/tr><tr><td><p>FSME [Fr\u00fchsommer-Meningo-Enzephalitis]<\/p><\/td><td><\/td><td><p>39\u20ac<\/p><\/td><\/tr><tr><td><p>Rickettsia rickettsii [Zeckenbissfieber]<\/p><\/td><td><\/td><td><p>29\u20ac<\/p><\/td><\/tr><tr><td><p>Coxiella burnetii [Q-Fieber]<\/p><\/td><td><\/td><td><p><span>29\u20ac<\/span><\/p><\/td><\/tr><tr><td><p>Babesia sp.<\/p><\/td><td><\/td><td><p>ask<\/p><\/td><\/tr><\/tbody><\/table>\n            <\/div><div class=\"ea-advanced-data-table-pagination ea-advanced-data-table-pagination-button clearfix\"><\/div><\/div>\t\t<\/div>\n\t\t\t\t<\/div>\n\t\t\t\t\t<\/div>\n\t\t\t\t<\/div>\n\t\t<div class=\"elementor-element elementor-element-e98b578 e-flex e-con-boxed e-con e-parent\" data-id=\"e98b578\" data-element_type=\"container\" data-settings=\"{&quot;content_width&quot;:&quot;boxed&quot;}\" data-core-v316-plus=\"true\">\n\t\t\t\t\t<div class=\"e-con-inner\">\n\t\t\t\t<div class=\"elementor-element elementor-element-a9eb8d5 elementor-widget elementor-widget-text-editor\" data-id=\"a9eb8d5\" data-element_type=\"widget\" data-widget_type=\"text-editor.default\">\n\t\t\t\t<div class=\"elementor-widget-container\">\n\t\t\t\t\t\t\t<p>Oder per E-Mail:\u00a0<a href=\"mailto:anfrage@genekam.de\">anfrage@genekam.de<\/a><\/p>\t\t\t\t\t\t<\/div>\n\t\t\t\t<\/div>\n\t\t\t\t\t<\/div>\n\t\t\t\t<\/div>\n\t\t\t\t\t\t\t<\/div>\n\t\t","protected":false},"excerpt":{"rendered":"DNA-Test bei Zeckenbissen ! DNA-Test erkennt gef\u00e4hrliche Erreger in Zecken schon im Fr\u00fchstadium. Schnell, schmerzfrei und unkompliziert! Nicht nur Borrelia burgdorferi &#8211; auch andere Erreger k\u00f6nnen durch Zeckenbisse \u00fcbertragen werden. Egal ob Mensch, Hund, Katze, Pferd oder Rind: Zecken machen vor keinem Lebewesen halt! Sie bei\u00dfen sich an ihrem Opfer fest und\u00a0saugen ihr Blut. Dabei ","protected":false},"author":1,"featured_media":0,"parent":0,"menu_order":0,"comment_status":"closed","ping_status":"closed","template":"","meta":{"inline_featured_image":false,"footnotes":""},"class_list":["post-4916","page","type-page","status-publish","hentry"],"yoast_head":"<!-- This site is optimized with the Yoast SEO plugin v22.2 - https:\/\/yoast.com\/wordpress\/plugins\/seo\/ -->\n<title>zeckenbiss-test-borreliose - Genekam Biotechnology AG<\/title>\n<meta name=\"robots\" content=\"index, follow, max-snippet:-1, max-image-preview:large, max-video-preview:-1\" \/>\n<link rel=\"canonical\" href=\"https:\/\/genekam.de\/index.php\/de-zeckenbiss-test-borreliose\/\" \/>\n<meta property=\"og:locale\" content=\"de_DE\" \/>\n<meta property=\"og:type\" content=\"article\" \/>\n<meta property=\"og:title\" content=\"zeckenbiss-test-borreliose - Genekam Biotechnology AG\" \/>\n<meta property=\"og:description\" content=\"DNA-Test bei Zeckenbissen ! DNA-Test erkennt gef\u00e4hrliche Erreger in Zecken schon im Fr\u00fchstadium. Schnell, schmerzfrei und unkompliziert! Nicht nur Borrelia burgdorferi &#8211; auch andere Erreger k\u00f6nnen durch Zeckenbisse \u00fcbertragen werden. Egal ob Mensch, Hund, Katze, Pferd oder Rind: Zecken machen vor keinem Lebewesen halt! Sie bei\u00dfen sich an ihrem Opfer fest und\u00a0saugen ihr Blut. Dabei\" \/>\n<meta property=\"og:url\" content=\"https:\/\/genekam.de\/index.php\/de-zeckenbiss-test-borreliose\/\" \/>\n<meta property=\"og:site_name\" content=\"Genekam Biotechnology AG\" \/>\n<meta property=\"article:modified_time\" content=\"2024-12-19T14:22:07+00:00\" \/>\n<meta name=\"twitter:card\" content=\"summary_large_image\" \/>\n<meta name=\"twitter:label1\" content=\"Gesch\u00e4tzte Lesezeit\" \/>\n\t<meta name=\"twitter:data1\" content=\"3\u00a0Minuten\" \/>\n<script type=\"application\/ld+json\" class=\"yoast-schema-graph\">{\"@context\":\"https:\/\/schema.org\",\"@graph\":[{\"@type\":\"WebPage\",\"@id\":\"https:\/\/genekam.de\/index.php\/de-zeckenbiss-test-borreliose\/\",\"url\":\"https:\/\/genekam.de\/index.php\/de-zeckenbiss-test-borreliose\/\",\"name\":\"zeckenbiss-test-borreliose - Genekam Biotechnology AG\",\"isPartOf\":{\"@id\":\"https:\/\/genekam.de\/#website\"},\"datePublished\":\"2024-01-23T11:27:50+00:00\",\"dateModified\":\"2024-12-19T14:22:07+00:00\",\"breadcrumb\":{\"@id\":\"https:\/\/genekam.de\/index.php\/de-zeckenbiss-test-borreliose\/#breadcrumb\"},\"inLanguage\":\"de\",\"potentialAction\":[{\"@type\":\"ReadAction\",\"target\":[\"https:\/\/genekam.de\/index.php\/de-zeckenbiss-test-borreliose\/\"]}]},{\"@type\":\"BreadcrumbList\",\"@id\":\"https:\/\/genekam.de\/index.php\/de-zeckenbiss-test-borreliose\/#breadcrumb\",\"itemListElement\":[{\"@type\":\"ListItem\",\"position\":1,\"name\":\"Startseite\",\"item\":\"https:\/\/genekam.de\/\"},{\"@type\":\"ListItem\",\"position\":2,\"name\":\"zeckenbiss-test-borreliose\"}]},{\"@type\":\"WebSite\",\"@id\":\"https:\/\/genekam.de\/#website\",\"url\":\"https:\/\/genekam.de\/\",\"name\":\"Genekam Biotechnology AG\",\"description\":\"\",\"potentialAction\":[{\"@type\":\"SearchAction\",\"target\":{\"@type\":\"EntryPoint\",\"urlTemplate\":\"https:\/\/genekam.de\/?s={search_term_string}\"},\"query-input\":\"required name=search_term_string\"}],\"inLanguage\":\"de\"}]}<\/script>\n<!-- \/ Yoast SEO plugin. -->","yoast_head_json":{"title":"zeckenbiss-test-borreliose - Genekam Biotechnology AG","robots":{"index":"index","follow":"follow","max-snippet":"max-snippet:-1","max-image-preview":"max-image-preview:large","max-video-preview":"max-video-preview:-1"},"canonical":"https:\/\/genekam.de\/index.php\/de-zeckenbiss-test-borreliose\/","og_locale":"de_DE","og_type":"article","og_title":"zeckenbiss-test-borreliose - Genekam Biotechnology AG","og_description":"DNA-Test bei Zeckenbissen ! DNA-Test erkennt gef\u00e4hrliche Erreger in Zecken schon im Fr\u00fchstadium. Schnell, schmerzfrei und unkompliziert! Nicht nur Borrelia burgdorferi &#8211; auch andere Erreger k\u00f6nnen durch Zeckenbisse \u00fcbertragen werden. Egal ob Mensch, Hund, Katze, Pferd oder Rind: Zecken machen vor keinem Lebewesen halt! Sie bei\u00dfen sich an ihrem Opfer fest und\u00a0saugen ihr Blut. Dabei","og_url":"https:\/\/genekam.de\/index.php\/de-zeckenbiss-test-borreliose\/","og_site_name":"Genekam Biotechnology AG","article_modified_time":"2024-12-19T14:22:07+00:00","twitter_card":"summary_large_image","twitter_misc":{"Gesch\u00e4tzte Lesezeit":"3\u00a0Minuten"},"schema":{"@context":"https:\/\/schema.org","@graph":[{"@type":"WebPage","@id":"https:\/\/genekam.de\/index.php\/de-zeckenbiss-test-borreliose\/","url":"https:\/\/genekam.de\/index.php\/de-zeckenbiss-test-borreliose\/","name":"zeckenbiss-test-borreliose - Genekam Biotechnology AG","isPartOf":{"@id":"https:\/\/genekam.de\/#website"},"datePublished":"2024-01-23T11:27:50+00:00","dateModified":"2024-12-19T14:22:07+00:00","breadcrumb":{"@id":"https:\/\/genekam.de\/index.php\/de-zeckenbiss-test-borreliose\/#breadcrumb"},"inLanguage":"de","potentialAction":[{"@type":"ReadAction","target":["https:\/\/genekam.de\/index.php\/de-zeckenbiss-test-borreliose\/"]}]},{"@type":"BreadcrumbList","@id":"https:\/\/genekam.de\/index.php\/de-zeckenbiss-test-borreliose\/#breadcrumb","itemListElement":[{"@type":"ListItem","position":1,"name":"Startseite","item":"https:\/\/genekam.de\/"},{"@type":"ListItem","position":2,"name":"zeckenbiss-test-borreliose"}]},{"@type":"WebSite","@id":"https:\/\/genekam.de\/#website","url":"https:\/\/genekam.de\/","name":"Genekam Biotechnology AG","description":"","potentialAction":[{"@type":"SearchAction","target":{"@type":"EntryPoint","urlTemplate":"https:\/\/genekam.de\/?s={search_term_string}"},"query-input":"required name=search_term_string"}],"inLanguage":"de"}]}},"_links":{"self":[{"href":"https:\/\/genekam.de\/index.php\/wp-json\/wp\/v2\/pages\/4916","targetHints":{"allow":["GET"]}}],"collection":[{"href":"https:\/\/genekam.de\/index.php\/wp-json\/wp\/v2\/pages"}],"about":[{"href":"https:\/\/genekam.de\/index.php\/wp-json\/wp\/v2\/types\/page"}],"author":[{"embeddable":true,"href":"https:\/\/genekam.de\/index.php\/wp-json\/wp\/v2\/users\/1"}],"replies":[{"embeddable":true,"href":"https:\/\/genekam.de\/index.php\/wp-json\/wp\/v2\/comments?post=4916"}],"version-history":[{"count":8,"href":"https:\/\/genekam.de\/index.php\/wp-json\/wp\/v2\/pages\/4916\/revisions"}],"predecessor-version":[{"id":9023,"href":"https:\/\/genekam.de\/index.php\/wp-json\/wp\/v2\/pages\/4916\/revisions\/9023"}],"wp:attachment":[{"href":"https:\/\/genekam.de\/index.php\/wp-json\/wp\/v2\/media?parent=4916"}],"curies":[{"name":"wp","href":"https:\/\/api.w.org\/{rel}","templated":true}]}}