{"id":5169,"date":"2024-01-25T15:05:43","date_gmt":"2024-01-25T14:05:43","guid":{"rendered":"http:\/\/genekam.mosquitobornediseases.com\/?page_id=5169"},"modified":"2025-10-05T23:22:14","modified_gmt":"2025-10-05T21:22:14","slug":"presseveroeffentlichungen","status":"publish","type":"page","link":"https:\/\/genekam.de\/index.php\/presseveroeffentlichungen\/","title":{"rendered":"Pressever\u00f6ffentlichungen"},"content":{"rendered":"\t\t<div data-elementor-type=\"wp-page\" data-elementor-id=\"5169\" class=\"elementor elementor-5169\">\n\t\t\t\t\t\t\t<div class=\"elementor-element elementor-element-662bc9e e-flex e-con-boxed e-con e-parent\" data-id=\"662bc9e\" data-element_type=\"container\" data-settings=\"{&quot;content_width&quot;:&quot;boxed&quot;}\" data-core-v316-plus=\"true\">\n\t\t\t\t\t<div class=\"e-con-inner\">\n\t\t\t\t<div class=\"elementor-element elementor-element-8153a8d elementor-widget elementor-widget-text-editor\" data-id=\"8153a8d\" data-element_type=\"widget\" data-widget_type=\"text-editor.default\">\n\t\t\t\t<div class=\"elementor-widget-container\">\n\t\t\t<style>\/*! elementor - v3.16.0 - 20-09-2023 *\/\n.elementor-widget-text-editor.elementor-drop-cap-view-stacked .elementor-drop-cap{background-color:#69727d;color:#fff}.elementor-widget-text-editor.elementor-drop-cap-view-framed .elementor-drop-cap{color:#69727d;border:3px solid;background-color:transparent}.elementor-widget-text-editor:not(.elementor-drop-cap-view-default) .elementor-drop-cap{margin-top:8px}.elementor-widget-text-editor:not(.elementor-drop-cap-view-default) .elementor-drop-cap-letter{width:1em;height:1em}.elementor-widget-text-editor .elementor-drop-cap{float:left;text-align:center;line-height:1;font-size:50px}.elementor-widget-text-editor .elementor-drop-cap-letter{display:inline-block}<\/style>\t\t\t\t<h1><span dir=\"auto\" style=\"vertical-align: inherit;\"><span dir=\"auto\" style=\"vertical-align: inherit;\">Press releases<\/span><\/span><\/h1><h2><span dir=\"auto\" style=\"vertical-align: inherit;\"><span dir=\"auto\" style=\"vertical-align: inherit;\">Some examples:<\/span><\/span><\/h2><p><span dir=\"auto\" style=\"vertical-align: inherit;\"><span dir=\"auto\" style=\"vertical-align: inherit;\">&#8211; MEDICA 2017 &#8211; 2 interviews on the Genekam multiplex PCR kit for the detection of rubella, measles, and mumps\u00a0 <\/span><\/span><a href=\"https:\/\/youtu.be\/2vkNmF4Kbvw\" target=\"_blank\" rel=\"noopener\"><span dir=\"auto\" style=\"vertical-align: inherit;\"><span dir=\"auto\" style=\"vertical-align: inherit;\">[view] <\/span><\/span><\/a>\u00a0<a href=\"https:\/\/www.medica.de\/Video_Genekam_MEDICA2017_1\" target=\"_blank\" rel=\"noopener\"><span dir=\"auto\" style=\"vertical-align: inherit;\"><span dir=\"auto\" style=\"vertical-align: inherit;\">[view]<\/span><\/span><\/a><br \/><span dir=\"auto\" style=\"vertical-align: inherit;\"><span dir=\"auto\" style=\"vertical-align: inherit;\"> &#8211; Sieg Tech (October 2016 issue) p.18: &#8222;Thimble-faced whistleblowers are being intimidated&#8220; <\/span><\/span><br \/><span dir=\"auto\" style=\"vertical-align: inherit;\"><span dir=\"auto\" style=\"vertical-align: inherit;\">&#8211; WDR (02.02.2016): &#8222;Rapid test for Zika virus [Video]&#8220;\u00a0 <\/span><\/span><a title=\"Rapid test for Zika virus\" href=\"http:\/\/www1.wdr.de\/studio\/duisburg\/themadestages\/zika-test-100.html\" target=\"_blank\" rel=\"noopener\"><span dir=\"auto\" style=\"vertical-align: inherit;\"><span dir=\"auto\" style=\"vertical-align: inherit;\">[LINK]<\/span><\/span><\/a><br \/><span dir=\"auto\" style=\"vertical-align: inherit;\"><span dir=\"auto\" style=\"vertical-align: inherit;\"> &#8211; Stern (03.02.2016): &#8222;Researchers in Germany develop DNA test for Zika virus [Video]&#8220;\u00a0 <\/span><\/span><a title=\"Researchers in Germany develop DNA test for Zika virus\" href=\"http:\/\/www.stern.de\/video-forscher-in-deutschland-entwickeln-dna-test-fuer-zika-virus-6680820.html\" target=\"_blank\" rel=\"noopener\"><span dir=\"auto\" style=\"vertical-align: inherit;\"><span dir=\"auto\" style=\"vertical-align: inherit;\">[LINK]<\/span><\/span><\/a><br \/><span dir=\"auto\" style=\"vertical-align: inherit;\"><span dir=\"auto\" style=\"vertical-align: inherit;\"> &#8211; S\u00dcDTIROL NEWS (03.02.2016): &#8222;Researchers in Germany develop DNA test for Zika virus&#8220;\u00a0 <\/span><\/span><a title=\"Researchers in Germany develop DNA test for Zika virus\" href=\"http:\/\/www.suedtirolnews.it\/dv\/artikel\/2016\/02\/03\/forscher-in-deutschland-entwickeln-dna-test-fuer-zika-virus.html\" target=\"_blank\" rel=\"noopener\"><span dir=\"auto\" style=\"vertical-align: inherit;\"><span dir=\"auto\" style=\"vertical-align: inherit;\">[LINK]<\/span><\/span><\/a><br \/><span dir=\"auto\" style=\"vertical-align: inherit;\"><span dir=\"auto\" style=\"vertical-align: inherit;\"> &#8211; Wired (04.02.2016): &#8222;The first commercial test for the Zika virus comes from Duisburg&#8220;\u00a0 <\/span><\/span><a title=\"The first commercial test for the Zika virus comes from Duisburg\" href=\"https:\/\/www.wired.de\/collection\/latest\/warum-die-welt-derzeit-auf-duisburg-schaut-dort-gibt-es-den-ersten-kommerziellen\" target=\"_blank\" rel=\"noopener\"><span dir=\"auto\" style=\"vertical-align: inherit;\"><span dir=\"auto\" style=\"vertical-align: inherit;\">[LINK]<\/span><\/span><\/a><br \/><span dir=\"auto\" style=\"vertical-align: inherit;\"><span dir=\"auto\" style=\"vertical-align: inherit;\"> &#8211; WAZ (04.02.2016): &#8222;Duisburger Laboratory Genekam develops rapid test for Zika virus&#8220;\u00a0 <\/span><\/span><a title=\"Duisburg laboratory Genekam develops rapid test for Zika virus\" href=\"http:\/\/www.derwesten.de\/staedte\/duisburg\/duisburger-labor-entwickelt-schnelltest-fuer-zika-virus-id11524525.html\" target=\"_blank\" rel=\"noopener\"><span dir=\"auto\" style=\"vertical-align: inherit;\"><span dir=\"auto\" style=\"vertical-align: inherit;\">[ LINK ]<\/span><\/span><\/a><br \/><span dir=\"auto\" style=\"vertical-align: inherit;\"><span dir=\"auto\" style=\"vertical-align: inherit;\"> &#8211; Reuters (03.02.2016): &#8222;First Zika infection in the USA probably occurred through sex&#8220;\u00a0 <\/span><\/span><a title=\"First Zika infection in the USA\" href=\"http:\/\/de.reuters.com\/article\/zika-usa-bertragung-idDEKCN0VC0EN\" target=\"_blank\" rel=\"noopener\"><span dir=\"auto\" style=\"vertical-align: inherit;\"><span dir=\"auto\" style=\"vertical-align: inherit;\">[ LINK ]<\/span><\/span><\/a><br \/><span dir=\"auto\" style=\"vertical-align: inherit;\"><span dir=\"auto\" style=\"vertical-align: inherit;\"> &#8211; Deutsche Welle (30.01.2016): &#8222;The Zika diagnosis and its effects&#8220;\u00a0 <\/span><\/span><a title=\"The Zika diagnosis and its effects\" href=\"http:\/\/www.dw.com\/de\/die-zika-diagnose-und-ihre-auswirkungen\/a-19012640\" target=\"_blank\" rel=\"noopener\"><span dir=\"auto\" style=\"vertical-align: inherit;\"><span dir=\"auto\" style=\"vertical-align: inherit;\">[ LINK ]<\/span><\/span><\/a><br \/><span dir=\"auto\" style=\"vertical-align: inherit;\"><span dir=\"auto\" style=\"vertical-align: inherit;\"> &#8211; NEWSTAG (27.01.2016): &#8222;World first: Genekam develops a DNA test for Zika virus detection&#8220;\u00a0 <\/span><\/span><a title=\"World first: Genekam develops a DNA test for Zika virus detection\" href=\"http:\/\/www.newstag.de\/weltneuheit-genekam-entwickelt-einen-dna-test-fuer-den-zika-virus-nachweis-31731.html\/\" target=\"_blank\" rel=\"noopener\"><span dir=\"auto\" style=\"vertical-align: inherit;\"><span dir=\"auto\" style=\"vertical-align: inherit;\">[ LINK ]<\/span><\/span><\/a><br \/><span dir=\"auto\" style=\"vertical-align: inherit;\"><span dir=\"auto\" style=\"vertical-align: inherit;\"> &#8211; openPR (27.01.2016): &#8222;World first: Genekam develops a DNA test for Zika virus detection&#8220;\u00a0 <\/span><\/span><a title=\"World first: Genekam develops a DNA test for Zika virus detection\" href=\"http:\/\/www.openpr.de\/news\/888319\/Weltneuheit-Genekam-entwickelt-einen-DNA-Test-fuer-den-Zika-Virus-Nachweis.html\" target=\"_blank\" rel=\"noopener\"><span dir=\"auto\" style=\"vertical-align: inherit;\"><span dir=\"auto\" style=\"vertical-align: inherit;\">[ LINK ]<\/span><\/span><\/a><br \/><span dir=\"auto\" style=\"vertical-align: inherit;\"><span dir=\"auto\" style=\"vertical-align: inherit;\"> &#8211;\u00a0 <\/span><\/span><a href=\"http:\/\/www.derwesten.de\/staedte\/duisburg\/gen-tests-von-fleisch-sind-nicht-teuer-id7711400.html\" target=\"_blank\" rel=\"noopener\"><span dir=\"auto\" style=\"vertical-align: inherit;\"><span dir=\"auto\" style=\"vertical-align: inherit;\">WAZ<\/span><\/span><\/a><span dir=\"auto\" style=\"vertical-align: inherit;\"><span dir=\"auto\" style=\"vertical-align: inherit;\"> \u00a0Germany 11.03.2013 &#8222;Genetic tests for meat are not expensive. With a DNA test, you can determine whether horse meat was used in the lasagna.&#8220; <\/span><\/span><br \/><span dir=\"auto\" style=\"vertical-align: inherit;\"><span dir=\"auto\" style=\"vertical-align: inherit;\">&#8211; Mrs. Schavan&#8217;s World: Instead of clearing up grievances, complainants are cleared up.\u00a0 <\/span><\/span><a href=\"http:\/\/wirschaffenklarheit.de\/de\/presse\/Pressemitteilung-Genekam-2.doc\"><span dir=\"auto\" style=\"vertical-align: inherit;\"><span dir=\"auto\" style=\"vertical-align: inherit;\">DOC file <\/span><\/span><\/a>\u00a0<a href=\"http:\/\/wirschaffenklarheit.de\/de\/presse\/Pressemitteilung-Genekam-2.pdf\"><span dir=\"auto\" style=\"vertical-align: inherit;\"><span dir=\"auto\" style=\"vertical-align: inherit;\">PDF file<\/span><\/span><\/a><br \/><span dir=\"auto\" style=\"vertical-align: inherit;\"><span dir=\"auto\" style=\"vertical-align: inherit;\"> &#8211; Medizintechnik, Germany, No. 06\/08, pp. 235-236, &#8222;DNA tests for breast cancer&#8220; <\/span><\/span><br \/><span dir=\"auto\" style=\"vertical-align: inherit;\"><span dir=\"auto\" style=\"vertical-align: inherit;\">&#8211; Myself, Germany, No. 7 2007, p. 125, &#8222;Hope for Breast Cancer&#8220; <\/span><\/span><br \/><span dir=\"auto\" style=\"vertical-align: inherit;\"><span dir=\"auto\" style=\"vertical-align: inherit;\">&#8211; Laborwelt, No. 6 2007, Vol. 7, &#8222;Market Overview: PCR Kits&#8220; <\/span><\/span><br \/><span dir=\"auto\" style=\"vertical-align: inherit;\"><span dir=\"auto\" style=\"vertical-align: inherit;\">&#8211; Labo, February 2006, &#8222;DNA Test Discovers Food Label Fraud&#8220; <\/span><\/span><br \/><span dir=\"auto\" style=\"vertical-align: inherit;\"><span dir=\"auto\" style=\"vertical-align: inherit;\">&#8211; Ruhrnachrichten, January 14, 2006, &#8222;DNA Test Convicts Virus&#8220; <\/span><\/span><br \/><span dir=\"auto\" style=\"vertical-align: inherit;\"><span dir=\"auto\" style=\"vertical-align: inherit;\">&#8211; Hirehealth, USA, November 29, 2005, &#8222;First Worldwide Commercial DNA Test For H5N1 And H9&#8220; <\/span><\/span><br \/><span dir=\"auto\" style=\"vertical-align: inherit;\"><span dir=\"auto\" style=\"vertical-align: inherit;\">&#8211; Medcompare, USA, November 29, 2005, &#8222;Detect Avian Influenza Virus&#8220; <\/span><\/span><br \/><span dir=\"auto\" style=\"vertical-align: inherit;\"><span dir=\"auto\" style=\"vertical-align: inherit;\">&#8211; All Headline News, USA, November 29, 2005, &#8222;New Bird Flu Test Researched&#8220; <\/span><\/span><br \/><span dir=\"auto\" style=\"vertical-align: inherit;\"><span dir=\"auto\" style=\"vertical-align: inherit;\">&#8211; Einsnews, Greece, November 29, 2005, &#8222;Worldwide Commercial DNA Test for H5N1&#8220; <\/span><\/span><br \/><span dir=\"auto\" style=\"vertical-align: inherit;\"><span dir=\"auto\" style=\"vertical-align: inherit;\">&#8211; Bio Industry Organization, Washington DC, USA, November 29, 2005, &#8222;Genekam did a good job on developing&#8230;&#8220; <\/span><\/span><br \/><span dir=\"auto\" style=\"vertical-align: inherit;\"><span dir=\"auto\" style=\"vertical-align: inherit;\">&#8211; VNA, Vietnam, 11\/20\/2005, &#8222;Ang h\u00f3a ch\u1ea5t Genekam c\u1ee7a \u0110\u1ee9c cho bi\u1ebft&#8230;&#8220; <\/span><\/span><br \/><span dir=\"auto\" style=\"vertical-align: inherit;\"><span dir=\"auto\" style=\"vertical-align: inherit;\">&#8211; Bionetz, Switzerland, 11\/22\/05, &#8222;Bird <\/span><span dir=\"auto\" style=\"vertical-align: inherit;\">flu rapid test developed&#8220; <\/span><\/span><br \/><span dir=\"auto\" style=\"vertical-align: inherit;\"><span dir=\"auto\" style=\"vertical-align: inherit;\">&#8211; Poultex, 11\/22\/05,&#8220;DNA test developed to detect bird flu more quickly and accurately&#8220; <\/span><\/span><br \/><span dir=\"auto\" style=\"vertical-align: inherit;\"><span dir=\"auto\" style=\"vertical-align: inherit;\">&#8211; Fox GR, Greece, 11\/21\/05, &#8222;DNA test to detect bird flu by German firm&#8230;&#8220; <\/span><\/span><br \/><span dir=\"auto\" style=\"vertical-align: inherit;\"><span dir=\"auto\" style=\"vertical-align: inherit;\">&#8211; Fox GR, Greece, 11\/21\/05, &#8222;DNA test to detect bird flu by German firm&#8230;&#8220;<\/span><\/span><br \/><span dir=\"auto\" style=\"vertical-align: inherit;\"><span dir=\"auto\" style=\"vertical-align: inherit;\">&#8211; NRK Nyheter, Norway, 11\/21\/05, &#8222;Selskapet Genekam spesialiserer seg i DNA-teknologi&#8230;&#8220; <\/span><\/span><br \/><span dir=\"auto\" style=\"vertical-align: inherit;\"><span dir=\"auto\" style=\"vertical-align: inherit;\">&#8211; Uno, Hungary, 11\/21\/05, &#8222;Mint a duisburgi Genekam c\u00e9g k\u00f6z\u00f6lt&#8230;&#8220; <\/span><\/span><br \/><span dir=\"auto\" style=\"vertical-align: inherit;\"><span dir=\"auto\" style=\"vertical-align: inherit;\">&#8211; ABC.es, Spain, 11\/20\/05, &#8222;El laboratorio alem\u00e1n Genekam asegura haber desarrollado un test&#8230;&#8220; <\/span><\/span><br \/><span dir=\"auto\" style=\"vertical-align: inherit;\"><span dir=\"auto\" style=\"vertical-align: inherit;\">&#8211; Guysen Israel News, 11\/21\/05, Israel, &#8222;Le laboratoire allerand Genekam&#8220; <\/span><\/span><br \/><span dir=\"auto\" style=\"vertical-align: inherit;\"><span dir=\"auto\" style=\"vertical-align: inherit;\">&#8211; Ansearch News, Australia, 11\/21\/05, &#8222;Avian flu test developed&#8220; <\/span><\/span><br \/><span dir=\"auto\" style=\"vertical-align: inherit;\"><span dir=\"auto\" style=\"vertical-align: inherit;\">&#8211; ONN, Denmark, 11\/21\/05, &#8222;Den tyske molekyl\u00e6rbiologiske virksomhed, Genekam&#8230;&#8220; <\/span><\/span><br \/><span dir=\"auto\" style=\"vertical-align: inherit;\"><span dir=\"auto\" style=\"vertical-align: inherit;\">&#8211; Stockhouse, Canada, 11\/20\/05, &#8222;Birdflu news&#8220; <\/span><\/span><br \/><span dir=\"auto\" style=\"vertical-align: inherit;\"><span dir=\"auto\" style=\"vertical-align: inherit;\">&#8211; Daily News, Sri Lanka, 11\/21\/05, &#8222;Preparedness plan to combat Bird Flu&#8220; <\/span><\/span><br \/><span dir=\"auto\" style=\"vertical-align: inherit;\"><span dir=\"auto\" style=\"vertical-align: inherit;\">&#8211; Hindustan Times, India, 11\/19\/2005, &#8222;German firm says it has developed&#8230;&#8220; <\/span><\/span><br \/><span dir=\"auto\" style=\"vertical-align: inherit;\"><span dir=\"auto\" style=\"vertical-align: inherit;\">&#8211; The Statesman, India, 11\/19\/2005, &#8222;German chemical firm Genekam&#8230;&#8220; <\/span><\/span><br \/><span dir=\"auto\" style=\"vertical-align: inherit;\"><span dir=\"auto\" style=\"vertical-align: inherit;\">&#8211; Press trust of India, 11\/19\/2005, &#8222;German firm says it has developed&#8230;&#8220; <\/span><\/span><br \/><span dir=\"auto\" style=\"vertical-align: inherit;\"><span dir=\"auto\" style=\"vertical-align: inherit;\">&#8211; South African News24, 11\/19\/2005, &#8222;Firm boasts quick bird flu test&#8220; <\/span><\/span><br \/><span dir=\"auto\" style=\"vertical-align: inherit;\"><span dir=\"auto\" style=\"vertical-align: inherit;\">&#8211; Europa Press, Argentina, 11\/19\/2005, &#8222;El laboratorio aleman Genekam aseguro&#8230;&#8220; <\/span><\/span><br \/><span dir=\"auto\" style=\"vertical-align: inherit;\"><span dir=\"auto\" style=\"vertical-align: inherit;\">&#8211; The weekend Australia, 11\/20\/2005, &#8222;Avian Flu test developed&#8220;, DNA test <\/span><\/span><br \/><span dir=\"auto\" style=\"vertical-align: inherit;\"><span dir=\"auto\" style=\"vertical-align: inherit;\">&#8211; Sunday times Australia, 11\/20\/2005, DNA test <\/span><\/span><br \/><span dir=\"auto\" style=\"vertical-align: inherit;\"><span dir=\"auto\" style=\"vertical-align: inherit;\">&#8211; News24.com, 11\/19\/2005, &#8222;Firm boasts quick bird flu test&#8220;, <\/span><\/span><br \/><span dir=\"auto\" style=\"vertical-align: inherit;\"><span dir=\"auto\" style=\"vertical-align: inherit;\">&#8211; Topix.net, November 20, 2005, News search <\/span><\/span><br \/><span dir=\"auto\" style=\"vertical-align: inherit;\"><span dir=\"auto\" style=\"vertical-align: inherit;\">&#8211; NRZ, November 19, 2005, &#8222;Duisburg company wants to detect bird flu&#8220;, DNA test <\/span><\/span><br \/><span dir=\"auto\" style=\"vertical-align: inherit;\"><span dir=\"auto\" style=\"vertical-align: inherit;\">&#8211; NRZ-Duisburg, November 19, 2005, &#8222;Detect bird flu more quickly&#8220;, DNA test <\/span><\/span><br \/><span dir=\"auto\" style=\"vertical-align: inherit;\"><span dir=\"auto\" style=\"vertical-align: inherit;\">&#8211; WDR Radio, Regional news, November 18, 2005. <\/span><\/span><br \/><span dir=\"auto\" style=\"vertical-align: inherit;\"><span dir=\"auto\" style=\"vertical-align: inherit;\">&#8211; Oldie Radio, &#8222;First rapid bird flu test developed&#8220;, DNA test <\/span><\/span><br \/><span dir=\"auto\" style=\"vertical-align: inherit;\"><span dir=\"auto\" style=\"vertical-align: inherit;\">&#8211; NRZ-Online, November 18, 2005, &#8222;Duisburg company wants to detect bird flu&#8220;, DNA test <\/span><\/span><br \/><span dir=\"auto\" style=\"vertical-align: inherit;\"><span dir=\"auto\" style=\"vertical-align: inherit;\">&#8211; RP-Online, November 20, 2005, &#8222;First rapid bird flu test developed&#8220;, DNA test <\/span><\/span><br \/><span dir=\"auto\" style=\"vertical-align: inherit;\"><span dir=\"auto\" style=\"vertical-align: inherit;\">&#8211; Yahoo News, November 19, 2005, &#8222;Duisburg company develops DNA test for bird flu&#8220; <\/span><\/span><br \/><span dir=\"auto\" style=\"vertical-align: inherit;\"><span dir=\"auto\" style=\"vertical-align: inherit;\">&#8211; Abacho news, November 19, 2005, &#8222;Duisburg company develops DNA test for bird flu&#8220; <\/span><\/span><br \/><span dir=\"auto\" style=\"vertical-align: inherit;\"><span dir=\"auto\" style=\"vertical-align: inherit;\">&#8211; Associated Press, November 19, 2005, &#8222;Duisburg company develops rapid bird flu test&#8220; <\/span><\/span><br \/><span dir=\"auto\" style=\"vertical-align: inherit;\"><span dir=\"auto\" style=\"vertical-align: inherit;\">&#8211; Mittelbayrische, November 20, 2005, &#8222;Duisburg company develops DNA test for bird flu&#8220; <\/span><\/span><br \/><span dir=\"auto\" style=\"vertical-align: inherit;\"><span dir=\"auto\" style=\"vertical-align: inherit;\">&#8211; Basler Zeitung, November 20, 2005, &#8222;Duisburg company develops rapid bird flu test&#8220; <\/span><\/span><br \/><span dir=\"auto\" style=\"vertical-align: inherit;\"><span dir=\"auto\" style=\"vertical-align: inherit;\">&#8211; Lower Saxony Hunter, Issue 14\/2005, p. 29, &#8222;Playing it safe,&#8220; DNA test <\/span><\/span><br \/><span dir=\"auto\" style=\"vertical-align: inherit;\"><span dir=\"auto\" style=\"vertical-align: inherit;\">&#8211; Die Zeit, July 21, 2005, Bird or Birdess, A conversation with Sudhir Bhatia <\/span><\/span><br \/><span dir=\"auto\" style=\"vertical-align: inherit;\"><span dir=\"auto\" style=\"vertical-align: inherit;\">&#8211; Tier Bild, June 2003, p. 42, Paternity test for animals <\/span><\/span><br \/><span dir=\"auto\" style=\"vertical-align: inherit;\"><span dir=\"auto\" style=\"vertical-align: inherit;\">&#8211; Gynecological Endocriminology, 2\/2003, p. 98, DNA paternity test<\/span><\/span><\/p>\t\t\t\t\t\t<\/div>\n\t\t\t\t<\/div>\n\t\t\t\t\t<\/div>\n\t\t\t\t<\/div>\n\t\t\t\t\t\t\t<\/div>\n\t\t","protected":false},"excerpt":{"rendered":"Press releases Some examples: &#8211; MEDICA 2017 &#8211; 2 interviews on the Genekam multiplex PCR kit for the detection of rubella, measles, and mumps\u00a0 [view] \u00a0[view] &#8211; Sieg Tech (October 2016 issue) p.18: &#8222;Thimble-faced whistleblowers are being intimidated&#8220; &#8211; WDR (02.02.2016): &#8222;Rapid test for Zika virus [Video]&#8220;\u00a0 [LINK] &#8211; Stern (03.02.2016): &#8222;Researchers in Germany develop ","protected":false},"author":1,"featured_media":0,"parent":0,"menu_order":0,"comment_status":"closed","ping_status":"closed","template":"","meta":{"inline_featured_image":false,"footnotes":""},"class_list":["post-5169","page","type-page","status-publish","hentry"],"yoast_head":"<!-- This site is optimized with the Yoast SEO plugin v22.2 - https:\/\/yoast.com\/wordpress\/plugins\/seo\/ -->\n<title>Pressever\u00f6ffentlichungen - Genekam Biotechnology AG<\/title>\n<meta name=\"robots\" content=\"index, follow, max-snippet:-1, max-image-preview:large, max-video-preview:-1\" \/>\n<link rel=\"canonical\" href=\"https:\/\/genekam.de\/index.php\/presseveroeffentlichungen\/\" \/>\n<meta property=\"og:locale\" content=\"de_DE\" \/>\n<meta property=\"og:type\" content=\"article\" \/>\n<meta property=\"og:title\" content=\"Pressever\u00f6ffentlichungen - Genekam Biotechnology AG\" \/>\n<meta property=\"og:description\" content=\"Press releases Some examples: &#8211; MEDICA 2017 &#8211; 2 interviews on the Genekam multiplex PCR kit for the detection of rubella, measles, and mumps\u00a0 [view] \u00a0[view] &#8211; Sieg Tech (October 2016 issue) p.18: &#8222;Thimble-faced whistleblowers are being intimidated&#8220; &#8211; WDR (02.02.2016): &#8222;Rapid test for Zika virus [Video]&#8220;\u00a0 [LINK] &#8211; Stern (03.02.2016): &#8222;Researchers in Germany develop\" \/>\n<meta property=\"og:url\" content=\"https:\/\/genekam.de\/index.php\/presseveroeffentlichungen\/\" \/>\n<meta property=\"og:site_name\" content=\"Genekam Biotechnology AG\" \/>\n<meta property=\"article:modified_time\" content=\"2025-10-05T21:22:14+00:00\" \/>\n<meta name=\"twitter:card\" content=\"summary_large_image\" \/>\n<meta name=\"twitter:label1\" content=\"Gesch\u00e4tzte Lesezeit\" \/>\n\t<meta name=\"twitter:data1\" content=\"4\u00a0Minuten\" \/>\n<script type=\"application\/ld+json\" class=\"yoast-schema-graph\">{\"@context\":\"https:\/\/schema.org\",\"@graph\":[{\"@type\":\"WebPage\",\"@id\":\"https:\/\/genekam.de\/index.php\/presseveroeffentlichungen\/\",\"url\":\"https:\/\/genekam.de\/index.php\/presseveroeffentlichungen\/\",\"name\":\"Pressever\u00f6ffentlichungen - Genekam Biotechnology AG\",\"isPartOf\":{\"@id\":\"https:\/\/genekam.de\/#website\"},\"datePublished\":\"2024-01-25T14:05:43+00:00\",\"dateModified\":\"2025-10-05T21:22:14+00:00\",\"breadcrumb\":{\"@id\":\"https:\/\/genekam.de\/index.php\/presseveroeffentlichungen\/#breadcrumb\"},\"inLanguage\":\"de\",\"potentialAction\":[{\"@type\":\"ReadAction\",\"target\":[\"https:\/\/genekam.de\/index.php\/presseveroeffentlichungen\/\"]}]},{\"@type\":\"BreadcrumbList\",\"@id\":\"https:\/\/genekam.de\/index.php\/presseveroeffentlichungen\/#breadcrumb\",\"itemListElement\":[{\"@type\":\"ListItem\",\"position\":1,\"name\":\"Startseite\",\"item\":\"https:\/\/genekam.de\/\"},{\"@type\":\"ListItem\",\"position\":2,\"name\":\"Pressever\u00f6ffentlichungen\"}]},{\"@type\":\"WebSite\",\"@id\":\"https:\/\/genekam.de\/#website\",\"url\":\"https:\/\/genekam.de\/\",\"name\":\"Genekam Biotechnology AG\",\"description\":\"\",\"potentialAction\":[{\"@type\":\"SearchAction\",\"target\":{\"@type\":\"EntryPoint\",\"urlTemplate\":\"https:\/\/genekam.de\/?s={search_term_string}\"},\"query-input\":\"required name=search_term_string\"}],\"inLanguage\":\"de\"}]}<\/script>\n<!-- \/ Yoast SEO plugin. -->","yoast_head_json":{"title":"Pressever\u00f6ffentlichungen - Genekam Biotechnology AG","robots":{"index":"index","follow":"follow","max-snippet":"max-snippet:-1","max-image-preview":"max-image-preview:large","max-video-preview":"max-video-preview:-1"},"canonical":"https:\/\/genekam.de\/index.php\/presseveroeffentlichungen\/","og_locale":"de_DE","og_type":"article","og_title":"Pressever\u00f6ffentlichungen - Genekam Biotechnology AG","og_description":"Press releases Some examples: &#8211; MEDICA 2017 &#8211; 2 interviews on the Genekam multiplex PCR kit for the detection of rubella, measles, and mumps\u00a0 [view] \u00a0[view] &#8211; Sieg Tech (October 2016 issue) p.18: &#8222;Thimble-faced whistleblowers are being intimidated&#8220; &#8211; WDR (02.02.2016): &#8222;Rapid test for Zika virus [Video]&#8220;\u00a0 [LINK] &#8211; Stern (03.02.2016): &#8222;Researchers in Germany develop","og_url":"https:\/\/genekam.de\/index.php\/presseveroeffentlichungen\/","og_site_name":"Genekam Biotechnology AG","article_modified_time":"2025-10-05T21:22:14+00:00","twitter_card":"summary_large_image","twitter_misc":{"Gesch\u00e4tzte Lesezeit":"4\u00a0Minuten"},"schema":{"@context":"https:\/\/schema.org","@graph":[{"@type":"WebPage","@id":"https:\/\/genekam.de\/index.php\/presseveroeffentlichungen\/","url":"https:\/\/genekam.de\/index.php\/presseveroeffentlichungen\/","name":"Pressever\u00f6ffentlichungen - Genekam Biotechnology AG","isPartOf":{"@id":"https:\/\/genekam.de\/#website"},"datePublished":"2024-01-25T14:05:43+00:00","dateModified":"2025-10-05T21:22:14+00:00","breadcrumb":{"@id":"https:\/\/genekam.de\/index.php\/presseveroeffentlichungen\/#breadcrumb"},"inLanguage":"de","potentialAction":[{"@type":"ReadAction","target":["https:\/\/genekam.de\/index.php\/presseveroeffentlichungen\/"]}]},{"@type":"BreadcrumbList","@id":"https:\/\/genekam.de\/index.php\/presseveroeffentlichungen\/#breadcrumb","itemListElement":[{"@type":"ListItem","position":1,"name":"Startseite","item":"https:\/\/genekam.de\/"},{"@type":"ListItem","position":2,"name":"Pressever\u00f6ffentlichungen"}]},{"@type":"WebSite","@id":"https:\/\/genekam.de\/#website","url":"https:\/\/genekam.de\/","name":"Genekam Biotechnology AG","description":"","potentialAction":[{"@type":"SearchAction","target":{"@type":"EntryPoint","urlTemplate":"https:\/\/genekam.de\/?s={search_term_string}"},"query-input":"required name=search_term_string"}],"inLanguage":"de"}]}},"_links":{"self":[{"href":"https:\/\/genekam.de\/index.php\/wp-json\/wp\/v2\/pages\/5169","targetHints":{"allow":["GET"]}}],"collection":[{"href":"https:\/\/genekam.de\/index.php\/wp-json\/wp\/v2\/pages"}],"about":[{"href":"https:\/\/genekam.de\/index.php\/wp-json\/wp\/v2\/types\/page"}],"author":[{"embeddable":true,"href":"https:\/\/genekam.de\/index.php\/wp-json\/wp\/v2\/users\/1"}],"replies":[{"embeddable":true,"href":"https:\/\/genekam.de\/index.php\/wp-json\/wp\/v2\/comments?post=5169"}],"version-history":[{"count":7,"href":"https:\/\/genekam.de\/index.php\/wp-json\/wp\/v2\/pages\/5169\/revisions"}],"predecessor-version":[{"id":9622,"href":"https:\/\/genekam.de\/index.php\/wp-json\/wp\/v2\/pages\/5169\/revisions\/9622"}],"wp:attachment":[{"href":"https:\/\/genekam.de\/index.php\/wp-json\/wp\/v2\/media?parent=5169"}],"curies":[{"name":"wp","href":"https:\/\/api.w.org\/{rel}","templated":true}]}}